6*k + 5/2*k**2. What is f(-5)?
-6
Suppose 28 = -3*m - 5*n + 7, 5*n = 2*m - 11. Let c(z) = -4*z - 2. Determine c(m).
6
Let z(i) = -6*i**3. Let n be (-7 + -1)/((-4)/6). Let y = n + -11. Calculate z(y).
-6
Let k(j) be the first derivative of j**2/2 - 3*j - 40. Determine k(5).
2
Suppose -1 - 2 = 3*w. Let d = w + 1. Let p(v) be the third derivative of -v**4/24 - 2*v**3/3 + 4*v**2. Calculate p(d).
-4
Let g be -2 + (-3 + 2)*3. Let d(l) be the first derivative of l**3/3 + 7*l**2/2 + 6*l + 8. Determine d(g).
-4
Suppose k - 5*k - 4 = -4*c, -4*k - 4 = -c. Let f be k/3 + (-16)/(-12). Suppose 0 = 2*i - f - 9. Let x(y) = -y**2 + 6*y + 3. What is x(i)?
8
Let j(q) be the second derivative of q**4/12 - 5*q**3/3 + 11*q**2/2 - 36*q + 1. Let p(g) = 3*g**2 - g - 2. Let c be p(2). Calculate j(c).
-5
Let h(b) = 2*b**3 - 6*b**2 + 12*b**2 + 6*b - 3*b**3. Give h(7).
-7
Suppose 12 = 3*p - 9. Let m(u) = -u**2 + 1 + 3*u + 2*u**2 - p - 2. Calculate m(-6).
10
Let o(b) be the second derivative of b**4/6 + b**3/3 - 3*b**2/2 + 5*b. Let f(x) be the first derivative of o(x). Calculate f(-4).
-14
Let l(c) = 3*c**2 + 2*c + 2. Suppose -u = -5*u - 4. Let o(g) = 2*g + 16. Let s be o(-7). Let x be (1 - s)/(u/(-2)). Calculate l(x).
10
Let u(i) = 5*i + 46. Let w(m) = m + 9. Let q(l) = 2*u(l) - 11*w(l). Calculate q(0).
-7
Let y be (-34)/(-9) + 2/9. Let d(z) = 15*z**3 - 4*z**2 + 5*z - 10. Let c(j) = 7*j**3 - 2*j**2 + 2*j - 5. Let l(i) = -13*c(i) + 6*d(i). Calculate l(y).
-11
Let x(h) be the second derivative of h**5/2 + h**3/6 - h**2/2 + 3*h. Determine x(1).
10
Let d be (-1 + 4)/3*6. Suppose f + 12 - d = 0. Let r(i) = -i**2 - 7*i - 9. What is r(f)?
-3
Let z = 21 - 19. Let f(c) = -6*c + 4 + 0*c + 3*c**z - 2*c**2 - 2*c**2. Let d(p) = p - 5. Let r be d(0). Give f(r).
9
Let h(k) = k. Let f(m) = -2*m + 1. Let a(n) = -f(n) + 4*h(n). Determine a(-1).
-7
Let g(h) = 7*h + 2*h**3 + 16 - 22 - 8*h**2 - h**3. Determine g(7).
-6
Let f(o) = -4*o**2 - 7*o - 4. Let l(c) = -3*c**2 - 6*c - 4. Let r(d) = -4*f(d) + 5*l(d). Let w(q) = -q**2 + 2*q + 4. Let v(b) = 7*r(b) + 6*w(b). Calculate v(3).
-1
Suppose 0*q + 4 = 2*q. Let w(y) = q*y - 4*y - y + 1. What is w(2)?
-5
Let j(u) = 4*u**2 + 3*u - 3. Let p(l) = l**2 + 3*l - 3*l + l. Let g(z) = j(z) - 3*p(z). Calculate g(3).
6
Suppose 2 = 6*j - 7*j. Let f(y) = 6*y + 2. What is f(j)?
-10
Let q(v) be the second derivative of -v**4/12 - v**3/6 - 5*v. Let o be (0/(-7))/((-2)/2). Give q(o).
0
Suppose u + 4*u = 10. Let x(f) = f + 0*f**2 + 3*f**u - 4*f**2. Let m be ((-3)/3)/(-1)*3. Give x(m).
-6
Let b(n) = -3*n**2 + n. Suppose 6*z - z = 65. Suppose 17 = 4*r - 3*v, -5*r + z = -2*v + v. Suppose -4*d = -3*o - 9, 2*o - r*d = 2*d - 10. Determine b(o).
-2
Let c be (-10)/(-2) + 2 + -4. Let q = c + -1. Let a(d) = -d - q - 3 + 0. Calculate a(-5).
0
Let f(n) = -n**3 - 6*n**2 - 4*n - 1. Let j be f(-5). Let o(b) = 2 - 5*b + 87*b**2 - b**3 + 4 - 3 - 94*b**2. Determine o(j).
-3
Let g(k) = k**3 - 3*k**2 - 4*k - 3. Let p = -7 + 11. Give g(p).
-3
Let y(h) = 2*h - 6. Let b be y(7). Let t(m) = -m**2 + 10*m - 10. Give t(b).
6
Let l be (-8)/(-3) - 1/(-3). Let q be (l - 0)/(-2 - -3). Let m(p) = q*p - 1 - p - p. Determine m(1).
0
Let k(n) be the third derivative of -n**4/6 - n**3/3 + n**2. Let o be (-24)/84*(6 - -1). What is k(o)?
6
Suppose 4*j + 3*l = -0*l - 25, j - 5 = 3*l. Let f(k) be the first derivative of k**2/2 - 2*k - 1. What is f(j)?
-6
Let z(j) be the first derivative of -j**4/4 - j**2/2 - 3*j - 5. What is z(0)?
-3
Let w(o) = 2 + o**2 - 5*o + 1 + 0. Calculate w(2).
-3
Let p(x) = x**3 - x**2 - 1. Let a(j) be the third derivative of j**6/40 - 3*j**5/20 - j**4/12 - j**3/2 + 4*j**2. Let v(h) = a(h) - 4*p(h). Calculate v(-5).
11
Let m(t) = -5*t + 38. Let i be m(9). Let c(l) = -l**2 - 7*l - 4. Calculate c(i).
-4
Let r(q) = -4*q - 1. Let b be 12/18*(-3)/(-2). What is r(b)?
-5
Let o(z) = z**2 - 8*z + 2. Let q be o(8). Let w = 3 - q. Let c(r) = 4 + 0*r - 3 - 2*r. Give c(w).
-1
Let b(y) = 2*y + 1. Let l(w) = w**2 + 15*w + 17. Let c be l(-14). What is b(c)?
7
Let l(a) = a + 3. Suppose -42 = 6*c + c. Give l(c).
-3
Let h(x) = -5*x + 13. Let i(o) = -o. Let y(c) = h(c) - 4*i(c). Let g = 16 - 10. Give y(g).
7
Let j(h) be the third derivative of h**4/24 + 8*h**3/3 + 8*h**2. Give j(-7).
9
Suppose -7*q - q = -16. Let l(n) = 9*n + 2. Let h(b) be the third derivative of 19*b**4/24 + 2*b**3/3 - b**2. Let p(k) = -6*h(k) + 13*l(k). What is p(q)?
8
Let w(h) be the third derivative of -h**4/24 - 11*h**3/6 - 3*h**2. What is w(-6)?
-5
Suppose 5*a = -0*t + 3*t + 7, -t + 1 = 0. Let v(u) be the third derivative of -u**5/60 - u**4/12 + 85*u**2. Calculate v(a).
-8
Let r(b) = b**3 - 2*b**2. Let g = -59 - -61. What is r(g)?
0
Let n(p) be the second derivative of -p**3/6 + 2*p**2 - 4*p. Give n(-5).
9
Let m(h) = h + 1. Let i be (1/(-3))/(8/(-96)). Give m(i).
5
Let v(r) = -r**3 + 5*r**2 - 4*r - 2. Suppose -4*h + 5*f = -41, 10 = -2*f - 0. Give v(h).
-2
Let c(f) be the third derivative of f**5/10 + f**4/24 - 18*f**2. Let v(h) = -h**2 - 6*h + 8. Let p be v(-7). Give c(p).
7
Let h(p) = 2*p**3 + 2*p**2 - p + 5. Let z(y) = -y**3 - y**2 - 1. Let s(v) = h(v) + z(v). What is s(-3)?
-11
Let o = -491 - -496. Let g(v) = 3*v**2 + 3*v - 5. Let r(p) = 2*p**2 + p - 3. Let u(a) = -3*g(a) + 5*r(a). What is u(o)?
5
Let v(h) = 7*h. Let j be 4/(-8) + (-1)/2. What is v(j)?
-7
Let s(n) be the second derivative of n**6/120 + n**4/24 - n**3/2 + 3*n**2 + n. Let l(o) be the first derivative of s(o). Calculate l(0).
-3
Let x(y) = -y**2 - 7 - 4 - 3 + 20 - 8*y. Calculate x(-8).
6
Let t be (3 - 30/3)*-4. Let c be 21/t + (-13)/(-4). Let r(q) = -2*q**2 + 7*q - 4. Determine r(c).
-8
Suppose y - 2*w - 4 = -3, -3*y + 2*w - 9 = 0. Let i(h) = h. Let v be i(y). Let z(l) = -3*l + 6. Let r(k) = -k + 1. Let o(s) = -4*r(s) + z(s). Calculate o(v).
-3
Let a(i) = -4*i + 4. Let k(j) = j - 1. Let q(g) = a(g) + 6*k(g). Let v = 2 + 1. What is q(v)?
4
Let z be 52/14 + 8/28. Let b(w) be the first derivative of w**3/3 - 5*w**2/2 + w + 1. Give b(z).
-3
Suppose 2*q + 2 = -g, 13 = 4*q - 2*g + 1. Let z be 2/(1*-2)*-3. Let c(n) = z*n - n + 1 - 2 - 8*n**2. Calculate c(q).
-7
Let f(u) = u**2 + 6*u + 6. Suppose 0*v + 5*v = -15. Let t be (-2)/v - (-80)/(-12). Determine f(t).
6
Let a(q) = -q + 12. Let i be a(5). Let f(b) = 2*b - 10. Let u be f(i). Let p(w) = -1 - 2 + 0 + w. Determine p(u).
1
Suppose -44 = -5*r + r. Suppose -5*y = 9 + r, -5*q - 2*y - 38 = 0. Let t(o) = -o - 1. Let i(h) = -3*h - 3. Let l(k) = q*t(k) + 3*i(k). What is l(-2)?
3
Let q(l) = l + 1. Let n(r) = -3*r - 3. Let w(p) = -6*n(p) - 17*q(p). What is w(0)?
1
Let q = -5 - -14. Let r = q - 9. Let t(d) = -d**3 - d**2 - d - 1. Let z(v) = -2*v**3 - 3*v**2 - 3*v - 14. Let x(i) = -3*t(i) + z(i). Give x(r).
-11
Let y(a) = -a**3 - a - 3. Let k = -2 + 7. Suppose 4*d + 5*f - 11 - 14 = 0, 0 = -k*d + 3*f - 15. What is y(d)?
-3
Let q(w) be the first derivative of w**3/3 - 4*w**2 + 6*w + 13. What is q(5)?
-9
Let c = -29 - -29. Let h(d) = d + 7 + c*d - 12. Let l = 1 - 5. Give h(l).
-9
Let q(a) = -2*a. Let r be (-2 - 0) + (-4 - -5). Give q(r).
2
Let f(u) = -u**3 + u**2 + 4*u + 3. Suppose 9*o - 4*o + 10 = 0. Give f(o).
7
Let a(n) = n**2 - n + 1. Let v be a(0). Let g = 6 + -4. Let u(t) = 4 - v - g + 5*t. Give u(-2).
-9
Let n(b) = 2*b**3 + 2*b**2 + 3*b + 1. Suppose x = -x - 4. Calculate n(x).
-13
Let s(p) = -2*p + p + 2*p - 2*p + 1. Determine s(-4).
5
Suppose 2*j - 3*j = -6. Let l = 10 - j. Let d(n) = n**3 - 3*n**2 - 4*n + 2. Determine d(l).
2
Let t(x) = x**3 + 10*x**2 + 9*x - 1. Let c be (-291)/33 + (-4)/22. Let f be t(c). Let k(z) = 8*z + 1. Calculate k(f).
-7
Let t(f) = -f**2 - 4*f + 3. Let q = 6 + -17. Let o = -2 - q. Let d = o - 13. What is t(d)?
3
Let h = -4 - 1. Let m be (-9)/(-6)*8/6. Let l(n) = 4*n**2 - 7 - m*n**2 - n**2 + 5*n. Give l(h).
-7
Let a(b) = -5*b**3 + 6*b**2 + 12*b + 5. Let m(s) = s**3 - s. Let z(c) = a(c) + 6*m(c). What is z(-5)?
0
Let j be ((-3)/(-9))/((-1)/(-6)). Let w(c) = 5*c**j - 2*c - 5 + 4*c**3 - 6*c + 3 - 3*c**3. Calculate w(-6).
10
Let a(v) = 6*v**2 + 2*v + 1. Let i(l) = l**2. Let s(t) = -a(t) - 6*i(t). Calculate s(-1).
-11
Let a be 4 + ((-4)/(-5))/(8/(-20)). Let n(i) be the third derivative of -i**5/15 + i**4/8 - i**2. What is n(a)?
-10
Let p = 10 + -6. Let a(l) = 2*l + 10. Let s(y) = -1. Let h(i) = p*s(